is the remainder when 18188 is divided by 859?
149
Calculate the remainder when 76909 is divided by 25623.
40
Calculate the remainder when 1935 is divided by 96.
15
Calculate the remainder when 35192 is divided by 35188.
4
What is the remainder when 56014 is divided by 34?
16
What is the remainder when 18002 is divided by 8993?
16
What is the remainder when 3431 is divided by 3315?
116
What is the remainder when 5713 is divided by 774?
295
Calculate the remainder when 3351 is divided by 919.
594
What is the remainder when 39373 is divided by 184?
181
What is the remainder when 43253 is divided by 178?
177
Calculate the remainder when 251993 is divided by 62990.
33
Calculate the remainder when 151 is divided by 97.
54
Calculate the remainder when 1400 is divided by 9.
5
What is the remainder when 27365 is divided by 240?
5
Calculate the remainder when 48686 is divided by 133.
8
What is the remainder when 487421 is divided by 13?
12
What is the remainder when 34496 is divided by 932?
12
What is the remainder when 3984 is divided by 133?
127
What is the remainder when 32853 is divided by 4684?
65
Calculate the remainder when 12030 is divided by 2955.
210
Calculate the remainder when 130335 is divided by 980.
975
Calculate the remainder when 70727 is divided by 35363.
1
Calculate the remainder when 1692 is divided by 19.
1
Calculate the remainder when 436562 is divided by 27.
26
What is the remainder when 68043 is divided by 1790?
23
What is the remainder when 107825 is divided by 403?
224
What is the remainder when 1324091 is divided by 28?
27
Calculate the remainder when 3444 is divided by 387.
348
Calculate the remainder when 1690 is divided by 616.
458
What is the remainder when 8035 is divided by 230?
215
Calculate the remainder when 61357 is divided by 260.
257
Calculate the remainder when 27063 is divided by 64.
55
What is the remainder when 4866 is divided by 1596?
78
What is the remainder when 2366 is divided by 138?
20
What is the remainder when 4987 is divided by 161?
157
Calculate the remainder when 3220 is divided by 451.
63
What is the remainder when 32506 is divided by 6499?
11
Calculate the remainder when 125569 is divided by 17.
7
What is the remainder when 8937 is divided by 128?
105
Calculate the remainder when 4343 is divided by 1443.
14
What is the remainder when 9785 is divided by 175?
160
Calculate the remainder when 429 is divided by 98.
37
Calculate the remainder when 27242 is divided by 1247.
1055
What is the remainder when 17835 is divided by 510?
495
Calculate the remainder when 8491 is divided by 3916.
659
Calculate the remainder when 104156 is divided by 8.
4
Calculate the remainder when 3188 is divided by 670.
508
What is the remainder when 10798 is divided by 5378?
42
Calculate the remainder when 3213 is divided by 813.
774
Calculate the remainder when 11730 is divided by 741.
615
What is the remainder when 1048565 is divided by 8?
5
Calculate the remainder when 80953 is divided by 20234.
17
What is the remainder when 1425 is divided by 961?
464
Calculate the remainder when 1431989 is divided by 197.
193
What is the remainder when 931968 is divided by 30?
18
Calculate the remainder when 6936819 is divided by 23.
19
What is the remainder when 1488 is divided by 1461?
27
What is the remainder when 30241 is divided by 23?
19
Calculate the remainder when 58003 is divided by 27.
7
What is the remainder when 18787 is divided by 44?
43
What is the remainder when 10304 is divided by 343?
14
Calculate the remainder when 22640 is divided by 729.
41
Calculate the remainder when 1715 is divided by 218.
189
What is the remainder when 30818 is divided by 163?
11
What is the remainder when 19520 is divided by 19502?
18
What is the remainder when 16130 is divided by 1160?
1050
Calculate the remainder when 1659 is divided by 184.
3
What is the remainder when 68093 is divided by 18?
17
Calculate the remainder when 36054 is divided by 632.
30
What is the remainder when 369545 is divided by 27?
23
What is the remainder when 317247 is divided by 375?
372
Calculate the remainder when 32587 is divided by 43.
36
What is the remainder when 15524 is divided by 7?
5
What is the remainder when 3195 is divided by 1558?
79
What is the remainder when 18482 is divided by 80?
2
What is the remainder when 273965 is divided by 1161?
1130
What is the remainder when 5934 is divided by 25?
9
What is the remainder when 3362 is divided by 240?
2
What is the remainder when 12961 is divided by 29?
27
What is the remainder when 16296 is divided by 57?
51
What is the remainder when 3344 is divided by 59?
40
Calculate the remainder when 4222 is divided by 107.
49
Calculate the remainder when 86494 is divided by 24.
22
What is the remainder when 426741 is divided by 375?
366
Calculate the remainder when 17495 is divided by 224.
23
Calculate the remainder when 14856 is divided by 29.
8
Calculate the remainder when 182839 is divided by 309.
220
Calculate the remainder when 172789 is divided by 4114.
1
Calculate the remainder when 29375 is divided by 153.
152
Calculate the remainder when 2094 is divided by 699.
696
Calculate the remainder when 3683 is divided by 67.
65
Calculate the remainder when 12525 is divided by 3.
0
What is the remainder when 4194 is divided by 485?
314
What is the remainder when 465 is divided by 55?
25
What is the remainder when 104686 is divided by 24?
22
What is the remainder when 13281 is divided by 1658?
17
Calculate the remainder when 522558 is divided by 332.
322
What is the remainder when 2229 is divided by 132?
117
Calculate the remainder when 270812 is divided by 43.
41
Calculate the remainder when 417013 is divided by 83400.
13
Calculate the remainder when 5598 is divided by 563.
531
What is the remainder when 19597 is divided by 124?
5
Calculate the remainder when 226861 is divided by 122.
63
What is the remainder when 51888 is divided by 1265?
23
What is the remainder when 1469 is divided by 1009?
460
What is the remainder when 118195 is divided by 49?
7
Calculate the remainder when 1640 is divided by 1586.
54
Calculate the remainder when 67750 is divided by 72.
70
What is the remainder when 5541 is divided by 455?
81
Calculate the remainder when 185854 is divided by 384.
382
What is the remainder when 208782 is divided by 52192?
14
What is the remainder when 946 is divided by 137?
124
What is the remainder when 15482 is divided by 76?
54
What is the remainder when 12438 is divided by 329?
265
What is the remainder when 13845 is divided by 93?
81
Calculate the remainder when 6995 is divided by 43.
29
Calculate the remainder when 4444 is divided by 316.
20
Calculate the remainder when 21554 is divided by 450.
404
Calculate the remainder when 11133394 is divided by 2113.
2110
What is the remainder when 50836 is divided by 3630?
16
Calculate the remainder when 66140 is divided by 22041.
17
What is the remainder when 138800 is divided by 147?
32
Calculate the remainder when 566 is divided by 512.
54
What is the remainder when 20751 is divided by 10320?
111
Calculate the remainder when 2101 is divided by 417.
16
Calculate the remainder when 74729 is divided by 89.
58
What is the remainder when 126987 is divided by 3628?
7
What is the remainder when 1094795 is divided by 54?
53
Calculate the remainder when 1466 is divided by 1260.
206
Calculate the remainder when 8294 is divided by 1392.
1334
Calculate the remainder when 6348 is divided by 704.
12
What is the remainder when 10573 is divided by 388?
97
What is the remainder when 60011 is divided by 341?
336
What is the remainder when 9753 is divided by 9675?
78
What is the remainder when 5616 is divided by 781?
149
Calculate the remainder when 1219 is divided by 569.
81
What is the remainder when 6263 is divided by 76?
31
What is the remainder when 34900 is divided by 97?
77
What is the remainder when 1540 is divided by 1087?
453
What is the remainder when 307008 is divided by 61401?
3
Calculate the remainder when 5427 is divided by 147.
135
Calculate the remainder when 898742 is divided by 48.
38
What is the remainder when 525994 is divided by 175331?
1
What is the remainder when 79236 is divided by 15846?
6
Calculate the remainder when 159760 is divided by 1220.
1160
What is th